 + -1?
847871
In base 12, what is -13a101 + 6?
-13a0b7
In base 7, what is -3650603 + 1?
-3650602
In base 10, what is -57000 + -3?
-57003
In base 7, what is 545 - 425?
120
In base 14, what is -47c52 - -3?
-47c4d
In base 7, what is 4 + -655106?
-655102
In base 12, what is 4 + 50456?
5045a
In base 11, what is 5 - 757a4?
-7579a
In base 11, what is 5 - -9162?
9167
In base 9, what is 4884 + -35?
4848
In base 12, what is 25 + -2147?
-2122
In base 13, what is -21 + 2966?
2945
In base 8, what is -3 + -16152?
-16155
In base 4, what is 3022 + 1032?
10120
In base 14, what is -811 - -1c?
-7d3
In base 5, what is 14144 + 23?
14222
In base 11, what is 532 - -65?
597
In base 14, what is a08b1 + -d?
a08a2
In base 6, what is 33 - -111223?
111300
In base 13, what is 76 + 16?
8c
In base 3, what is 11 + 101102011?
101102022
In base 10, what is -36 + -1674?
-1710
In base 3, what is -1110000 - 10021?
-1120021
In base 8, what is -134 - 351?
-505
In base 8, what is -31366772 + -1?
-31366773
In base 12, what is -1b1830 - 5?
-1b1835
In base 16, what is -4bb391 + -1?
-4bb392
In base 14, what is 11 - 2ab0b?
-2aada
In base 14, what is 32281 + -3?
3227c
In base 16, what is 0 - 1a5cf?
-1a5cf
In base 14, what is -188 - -112?
-76
In base 12, what is 40 + -45a13?
-45993
In base 7, what is 44224 + -102?
44122
In base 8, what is 110 + 5106?
5216
In base 11, what is -3 + 92479?
92476
In base 8, what is -17 + 20476?
20457
In base 14, what is -15b9 + -118?
-16d3
In base 14, what is -10a6 + 7?
-109d
In base 9, what is 4 - -12475?
12480
In base 5, what is 23102021 - -1?
23102022
In base 15, what is -9 - -17c8?
17be
In base 14, what is -2 + -18b1?
-18b3
In base 9, what is -674551 + 4?
-674546
In base 7, what is -6 + -653066?
-653105
In base 10, what is 8 - 304?
-296
In base 2, what is 1001011 - -100101?
1110000
In base 9, what is 32 + -15?
16
In base 10, what is -3420 - -46?
-3374
In base 11, what is 1092 + 113?
11a5
In base 11, what is -14 + -6a01?
-6a15
In base 7, what is 406326 - -1?
406330
In base 3, what is 12102202 + 11?
12102220
In base 3, what is -1211002001 - 101?
-1211002102
In base 3, what is -210 + -120201?
-121111
In base 4, what is 200111113 - 1?
200111112
In base 11, what is 3 + -13885?
-13882
In base 13, what is -5 - 2337?
-233c
In base 6, what is -511 - -142?
-325
In base 13, what is -29c8 - 17?
-2a12
In base 9, what is 0 - -21114?
21114
In base 14, what is 6c - 27?
45
In base 6, what is -133 - 514403?
-514540
In base 4, what is -3 + -1132310?
-1132313
In base 14, what is 5 + -4039?
-4034
In base 7, what is -4 - 25056?
-25063
In base 15, what is -259a - 5?
-25a0
In base 5, what is -1400100123 - 3?
-1400100131
In base 7, what is 5 + 1511421?
1511426
In base 14, what is 4 + -7716?
-7712
In base 2, what is -1111110110101 - 101010?
-1111111011111
In base 14, what is -5 + -3896?
-389b
In base 13, what is 5 - -13c497?
13c49c
In base 2, what is -100111101011 + 1010?
-100111100001
In base 7, what is 1046 + 211?
1260
In base 9, what is -8 - 17752?
-17761
In base 16, what is -73 - 3d8?
-44b
In base 12, what is 0 - -5a355?
5a355
In base 10, what is -19 - -1152?
1133
In base 10, what is -21272 - -5?
-21267
In base 13, what is 626 + -1?
625
In base 12, what is 1 - 20592a?
-205929
In base 13, what is -8028 - 42?
-806a
In base 12, what is -268439 - -2?
-268437
In base 10, what is 4 - -5134?
5138
In base 11, what is 5 + 636335?
63633a
In base 5, what is 320320 + -31?
320234
In base 16, what is -88b35 + 0?
-88b35
In base 10, what is -8034 + -29?
-8063
In base 9, what is 627886 - -4?
628001
In base 11, what is -27 - 2120?
-2147
In base 11, what is 2 - -153824?
153826
In base 5, what is 10 + -1000141?
-1000131
In base 15, what is -9d - 359?
-407
In base 6, what is -21151035 + -3?
-21151042
In base 13, what is 55704 + 2?
55706
In base 11, what is -16128 + -9?
-16136
In base 10, what is 20 - 129730?
-129710
In base 8, what is -3 + -1066132?
-1066135
In base 16, what is -13df4 + 0?
-13df4
In base 13, what is 1b + -5095?
-5077
In base 13, what is 232b + 5?
2333
In base 9, what is 550 - -168?
728
In base 6, what is 135 - 34013?
-33434
In base 12, what is 14 - 39059?
-39045
In base 2, what is -1010011001110100 + 100001?
-1010011001010011
In base 6, what is 5 + -1452?
-1443
In base 3, what is -100 + -210221020?
-210221120
In base 7, what is 35 + -6256?
-6221
In base 5, what is 12144 - -34?
12233
In base 3, what is -22112102200 - 2?
-22112102202
In base 11, what is -150a - -433?
-1087
In base 16, what is -92 - -1be?
12c
In base 4, what is -1032 + -1331110?
-1332202
In base 16, what is 1310 + -2e4?
102c
In base 7, what is 320 - 140?
150
In base 5, what is -20 - 244?
-314
In base 15, what is -224 + -25?
-249
In base 16, what is -39451 + 0?
-39451
In base 6, what is 220 + -50204?
-45544
In base 12, what is -473b - -3b?
-4700
In base 12, what is -3 + 276485?
276482
In base 13, what is 9a0 + 13a?
b0a
In base 14, what is -44a - b83?
-11cd
In base 8, what is 1304346 + -20?
1304326
In base 14, what is 216 + 113?
329
In base 11, what is -3887 + 163?
-3724
In base 6, what is 44315 - -142?
44501
In base 9, what is 6237 + -1363?
4764
In base 6, what is 1 + 24253145?
24253150
In base 15, what is -298 - -2e?
-269
In base 7, what is -111 - -263?
152
In base 6, what is 3043 - -5501?
12544
In base 5, what is 1101400211 - 0?
1101400211
In base 5, what is -12102 + -144?
-12301
In base 14, what is -7901a + -1?
-7901b
In base 11, what is -4 + 4328?
4324
In base 15, what is -39 + -365?
-39e
In base 4, what is 10132032 - -10?
10132102
In base 15, what is dc + -43?
99
In base 4, what is 10200 - 32133?
-21333
In base 14, what is 1 - -25d356?
25d357
In base 2, what is -10110101001010000 + 1101?
-10110101001000011
In base 9, what is -8 - 8166?
-8175
In base 8, what is -110661 + -176?
-111057
In base 6, what is -5 + 2352255?
2352250
In base 5, what is 24032022 - 2?
24032020
In base 9, what is -83 + -554?
-647
In base 12, what is -20739 - 35?
-20772
In base 11, what is 6 + -249a?
-2494
In base 13, what is -b074 + 16?
-b05b
In base 3, what is 2011021111 + -12?
2011021022
In base 5, what is 1102301 - 431?
1101320
In base 15, what is -b2139 - 4?
-b213d
In base 14, what is -3708dd + 3?
-3708da
In base 5, what is -2331 - 10201?
-13032
In base 9, what is 28524 + 251?
28775
In base 7, what is -1411 + -13525?
-15236
In base 9, what is -44 + -357?
-412
In base 10, what is 247 + -8801?
-8554
In base 12, what is -4 + -20524?
-20528
In base 14, what is 5456c8 + -5?
5456c3
In base 12, what is -118642 - 1?
-118643
In base 15, what is -804 - -6d?
-786
In base 2, what is 1001001110010 - 111010?
1001000111000
In base 8, what is 0 + 46324?
46324
In base 9, what is -55035 - 7?
-55043
In base 7, what is 1001353 - 1?
1001352
In base 15, what is -1 + -3b52?
-3b53
In base 16, what is -2c5f - -3?
-2c5c
In base 5, what is 2343022 + 13?
2343040
In base 16, what is -3533a + 3?
-35337
In base 15, what is -1 + 3d2da?
3d2d9
In base 10, what is -1279 + -778?
-2057
In base 6, what is -2 + 12054435?
12054433
In base 7, what is 13 + -203652?
-203636
In base 7, what is 10620063 + 3?
10620066
In base 16, what is -4c4e - -3?
-4c4b
In base 15, what is 6 - 9b46e?
-9b468
In base 4, what is 310 + -11010?
-10100
In base 9, what is 1 + -1284?
-1283
In base 9, what is 4 + 1363840?
1363844
In base 9, what is -208215 - 0?
-208215
In base 6, what is -1510125 - 1?
-1510130
In base 7, what is 3 + 1455062?
1455065
In base 6, what is 3511 + 11303?
15214
In base 8, what is -257 + -12121?
-12400
In base 5, what is -4334003 - -2?
-4334001
In base 12, what is 66365 - 9?
66358
In base 3, what is 2 + 101221002?
101221011
In base 4, what is 1 + -2203131?
-2203130
In base 7, what is 2361015 - -3?
2361021
In base 8, what is -44015 + -21?
-44036
In base 4, what is -20 - -333111?
333031
In base 6, what is 0 + 32510?
32510
In base 15, what is -16 + -e46?
-e5c
In base 12, what is 754b + -6?
7545
In base 6, what is 14505 + -514?
13551
In base 3, what is -1100 + -111102201?
-111111001
In base 15, what is -18 + 4c8?
4b0
In base 6, what is 3342 + -2302?
1040
In base 8, what is 4 + 1007623?
1007627
In base 3, what is -100 + 1002102101?
1002102001
In base 3, what is 222 + -20210201?
-20202202
In base 7, what is 4 + 242?
246
In base 3, what is -2012101 + 20?
-2012011
In base 8, what is -62